prime factors of 530778581?
530778581
List the prime factors of 5595170065.
5, 19, 367, 160481
What are the prime factors of 209420174?
2, 109, 960643
List the prime factors of 2941949155.
5, 59, 619, 16111
List the prime factors of 97741154.
2, 7, 61, 114451
List the prime factors of 5448443863.
349, 15611587
What are the prime factors of 259871913?
3, 7, 4124951
What are the prime factors of 2743222365?
3, 5, 13, 37, 9749
What are the prime factors of 290943892?
2, 29, 61, 41117
List the prime factors of 4149444209.
31, 47, 2847937
List the prime factors of 7140021.
3, 7, 43, 7907
What are the prime factors of 156534752?
2, 11, 444701
List the prime factors of 246594991.
1583, 155777
List the prime factors of 98156812.
2, 13, 19, 99349
What are the prime factors of 655247383?
7, 93606769
List the prime factors of 19860980.
2, 5, 993049
List the prime factors of 50663002.
2, 13, 107, 18211
List the prime factors of 208686787.
11423, 18269
List the prime factors of 118566159.
3, 167, 236659
What are the prime factors of 33348228?
2, 3, 359, 7741
What are the prime factors of 402676288?
2, 7, 251, 3581
What are the prime factors of 5841999985?
5, 1168399997
What are the prime factors of 30225934?
2, 15112967
What are the prime factors of 23820916?
2, 7, 23, 47, 787
List the prime factors of 3215178095.
5, 643035619
What are the prime factors of 4559165?
5, 13, 70141
What are the prime factors of 42468619?
479, 88661
What are the prime factors of 245384086?
2, 17, 47, 153557
List the prime factors of 37673290.
2, 5, 593, 6353
What are the prime factors of 869825626?
2, 434912813
What are the prime factors of 8352228651?
3, 13, 3779, 56671
List the prime factors of 117880144.
2, 89, 82781
What are the prime factors of 6605381?
6605381
List the prime factors of 3280972202.
2, 1640486101
List the prime factors of 17513091.
3, 216211
What are the prime factors of 179576700?
2, 3, 5, 29, 20641
What are the prime factors of 2316202777?
7, 330886111
List the prime factors of 4474330331.
53, 401, 210527
What are the prime factors of 314682120?
2, 3, 5, 874117
What are the prime factors of 574194053?
41, 971, 14423
What are the prime factors of 693596917?
13, 53353609
What are the prime factors of 22885038?
2, 3, 11, 59, 653
What are the prime factors of 521978457?
3, 7, 11, 13, 173819
What are the prime factors of 1594628951?
17, 83, 941, 1201
What are the prime factors of 1109803416?
2, 3, 41, 1127849
List the prime factors of 289424278.
2, 11, 13, 1011973
What are the prime factors of 396321045?
3, 5, 107, 246929
List the prime factors of 490535403.
3, 163511801
What are the prime factors of 611835740?
2, 5, 4481, 6827
List the prime factors of 1550285772.
2, 3, 7, 19, 971357
What are the prime factors of 6639439342?
2, 3319719671
List the prime factors of 46229931.
3, 11, 23, 79, 257
What are the prime factors of 31495096?
2, 23, 171169
List the prime factors of 80598513.
3, 17, 19, 83177
List the prime factors of 190251932.
2, 13, 293, 12487
List the prime factors of 144023961.
3, 48007987
List the prime factors of 1185956643.
3, 3461, 114221
What are the prime factors of 505134521?
47, 113, 95111
List the prime factors of 1154996837.
1154996837
What are the prime factors of 2401481404?
2, 7, 17, 263, 19183
List the prime factors of 229833332.
2, 57458333
What are the prime factors of 1323927621?
3, 547, 268927
List the prime factors of 387390475.
5, 17, 911507
What are the prime factors of 1597174724?
2, 227, 1759003
What are the prime factors of 87006583?
29, 73, 563
List the prime factors of 1021906662.
2, 3, 7, 3475873
List the prime factors of 22430667.
3, 7, 17, 83, 757
List the prime factors of 57478232.
2, 7, 29, 35393
What are the prime factors of 4474433621?
7, 12739, 50177
What are the prime factors of 630960465?
3, 5, 197, 213523
What are the prime factors of 117598021?
571, 205951
What are the prime factors of 224435887?
13, 17, 191, 409
List the prime factors of 179276677.
179276677
What are the prime factors of 2045426326?
2, 1022713163
List the prime factors of 97472343.
3, 4517, 7193
What are the prime factors of 5338258346?
2, 29, 593, 155209
What are the prime factors of 157476119?
29, 5430211
List the prime factors of 320066557.
241, 1328077
List the prime factors of 174989374.
2, 7, 157, 79613
What are the prime factors of 1041585400?
2, 5, 1987, 2621
List the prime factors of 1773244296.
2, 3, 17, 131, 11059
What are the prime factors of 481080399?
3, 17, 19, 496471
What are the prime factors of 112793745?
3, 5, 109, 149, 463
List the prime factors of 506664323.
11, 46060393
What are the prime factors of 463074158?
2, 389, 431, 1381
List the prime factors of 629056929.
3, 31, 6764053
What are the prime factors of 44917284?
2, 3, 43, 87049
List the prime factors of 66631604.
2, 13, 607, 2111
List the prime factors of 4708409810.
2, 5, 13, 23, 107, 14717
What are the prime factors of 1505512444?
2, 376378111
List the prime factors of 4829364.
2, 3, 163, 823
List the prime factors of 258952712.
2, 103, 314263
What are the prime factors of 3127509413?
7, 446787059
List the prime factors of 75792647.
7, 17, 137, 4649
What are the prime factors of 1296822612?
2, 3, 108068551
List the prime factors of 5461675514.
2, 19, 47, 241, 12689
What are the prime factors of 6411963407?
113, 263, 215753
What are the prime factors of 130523427?
3, 4834201
List the prime factors of 4742455711.
7, 17, 47, 18041
What are the prime factors of 296527004?
2, 2791, 26561
List the prime factors of 46027154.
2, 23013577
List the prime factors of 39114768.
2, 3, 7, 11, 19, 557
List the prime factors of 295423249.
11, 26856659
What are the prime factors of 30923770?
2, 5, 463, 6679
List the prime factors of 2021532176.
2, 631, 200231
List the prime factors of 2134647241.
421, 5070421
What are the prime factors of 2065610922?
2, 3, 344268487
List the prime factors of 4139724.
2, 3, 23, 53, 283
List the prime factors of 33106273.
2371, 13963
What are the prime factors of 848436117?
3, 31, 9122969
List the prime factors of 242788762.
2, 121394381
List the prime factors of 51532491.
3, 17, 809, 1249
What are the prime factors of 2327987529?
3, 7, 53, 697211
List the prime factors of 3460051546.
2, 7, 31, 47, 169627
List the prime factors of 47135190.
2, 3, 5, 31, 50683
List the prime factors of 248470269.
3, 82823423
What are the prime factors of 62547249?
3, 97, 214939
List the prime factors of 851147331.
3, 41, 6919897
List the prime factors of 1537380473.
1537380473
List the prime factors of 3273056071.
19, 3541, 48649
What are the prime factors of 725806200?
2, 3, 5, 7, 29, 59, 101
List the prime factors of 67834037.
67834037
List the prime factors of 694353756.
2, 3, 1031, 56123
What are the prime factors of 39830590?
2, 5, 3983059
What are the prime factors of 10834565?
5, 7, 309559
What are the prime factors of 101940460?
2, 5, 5097023
List the prime factors of 754993949.
449, 1681501
List the prime factors of 4353411283.
13, 41, 73, 127, 881
List the prime factors of 2075659546.
2, 6679, 155387
List the prime factors of 780813118.
2, 390406559
List the prime factors of 457127902.
2, 7, 11, 479, 6197
List the prime factors of 142801114.
2, 41, 1741477
What are the prime factors of 265264667?
265264667
What are the prime factors of 4462563463?
1693, 2635891
What are the prime factors of 671032972?
2, 29, 5784767
List the prime factors of 51966060.
2, 3, 5, 866101
List the prime factors of 25544658.
2, 3, 1433, 2971
List the prime factors of 11042579.
1093, 10103
List the prime factors of 98296525.
5, 3931861
What are the prime factors of 272038638?
2, 3, 45339773
What are the prime factors of 940167889?
940167889
What are the prime factors of 38680405?
5, 31, 61, 4091
List the prime factors of 125946931.
11, 17, 673513
What are the prime factors of 125826350?
2, 5, 13, 17, 59, 193
List the prime factors of 1522762032.
2, 3, 11, 61, 47279
List the prime factors of 2003255078.
2, 11, 17, 1553, 3449
List the prime factors of 1073191080.
2, 3, 5, 13, 199, 3457
List the prime factors of 52934935.
5, 43, 246209
What are the prime factors of 208952933?
7, 17, 41, 113, 379
What are the prime factors of 119180440?
2, 5, 41, 72671
List the prime factors of 404